n p is divided by j(t).
2
Let f = 523 + -478. What is the remainder when 172 is divided by f?
37
Suppose -4*r = w - 79, -4*r = 4*w - 479 + 151. What is the remainder when w is divided by 5?
3
Suppose -4*v + 7*v = 120. Suppose 11*k + v = 19*k. What is the remainder when 18 is divided by k?
3
Let o(a) = -42*a - 17. Let d be o(3). Let b = d + 235. What is the remainder when b is divided by 19?
16
Suppose 3*q = 3*b - 0*b + 30, 5 = -2*b + 5*q. Let w = b - -25. Let y = 1 + 2. What is the remainder when w is divided by y?
1
Let y(f) = f**3 - 18*f**2 + 2*f - 15. What is the remainder when 40 is divided by y(18)?
19
Let n = 90 + 63. What is the remainder when (n/(-18))/(2/(-4)) is divided by 6?
5
Suppose 4*c + 4*y - 125 = 7*y, y = -4*c + 113. Suppose m = -4*m + 50. What is the remainder when c is divided by m?
9
Suppose -4*o + 2 = 2*d, -2*o + 2 = 4*d - 2. Let l = 694 - 659. Calculate the remainder when l is divided by o - (2 + 1 + -21).
17
Let f be ((-16)/(-6))/((-2)/(-96)). Let d = f + -51. Calculate the remainder when d is divided by 20.
17
Let j(w) = 3*w**2 - w - 3. Let n = -116 + 119. Calculate the remainder when j(n) is divided by 12.
9
Calculate the remainder when 927 is divided by ((-32)/12 - -2)*-87.
57
Let i(k) = -k**3 + 5*k**2 - 3*k. Let r be ((-2)/3)/(4/(-18)). What is the remainder when i(r) is divided by 4?
1
Suppose -5*o + 1 = -4*o. Let w(c) = 77*c - 3. Suppose y = -m - m + 47, -y + 122 = 5*m. Calculate the remainder when w(o) is divided by m.
24
Let w(y) = -8*y + 256*y**2 - 255*y**2 + 40 - 10*y. Calculate the remainder when w(17) is divided by 9.
5
Let g = -809 - -828. What is the remainder when 35 is divided by g?
16
Let t = -205 + 215. Calculate the remainder when 57 is divided by t.
7
Suppose 5*w - 3*t = 4 + 33, -3*w + t = -19. What is the remainder when (-8)/(-24)*(-3 - (-67 + 1)) is divided by w?
1
Let z = -47 + 239. What is the remainder when z is divided by -6*((-184)/16 - -5)?
36
Let w(y) = -14*y - 76. What is the remainder when 593 is divided by w(-9)?
43
Calculate the remainder when (-6 - (-1285)/10)*2 is divided by 28.
21
Let r(v) = -v**2 - 26*v + 22. Calculate the remainder when r(-16) is divided by 11.
6
Let i(l) = -49*l - 20. What is the remainder when 694 is divided by i(-1)?
27
Let u(a) = 6*a + 0 - a + 0. Let i = 20 - 17. What is the remainder when 29 is divided by u(i)?
14
Let g = -402 - -256. Let v = g + 208. Calculate the remainder when v is divided by 13.
10
Let h(t) = -t**2 - 29*t - 65. Calculate the remainder when h(-24) is divided by 20.
15
Let x(g) = 3*g**2 + 3*g + 6. Let p be x(-5). Let j = 120 - p. Let k(u) = -u**3 + 7*u**2 - 5*u + 5. Calculate the remainder when j is divided by k(6).
10
Let g = 359 - 243. Suppose 4*z - g = -40. Calculate the remainder when 55 is divided by z.
17
Let w(m) = -5*m - 3. Let h be w(-5). Let p = -34 + h. Calculate the remainder when 31 is divided by 4/p - 49/(-3).
15
Suppose 14 = 3*w - 34. Suppose 8*z + w = 9*z. What is the remainder when z is divided by 6?
4
Suppose -3*w + 557 - 81 = o, 3*o + w = 1468. What is the remainder when o is divided by 13?
10
Let a = 149 - 143. Suppose -z + 15 = a. What is the remainder when 17 is divided by z?
8
Let j = -38 + 54. Let i(v) = 3 + 7 + 1 - 12*v + 5*v + 3*v**2. What is the remainder when i(4) is divided by j?
15
Suppose -4*f + 130 = f. Suppose 86 - f = 5*l. Suppose -n = 2*c - l, c - 16 + 3 = 3*n. Calculate the remainder when c is divided by 2.
1
Let t(o) be the third derivative of -o**4/24 + 5*o**3/3 + 11*o**2. Calculate the remainder when -9*(-1)/((-2)/(-4)) is divided by t(5).
3
Suppose x = -4*x + 10. Let k be -1 - (-28)/x*6. Let t = k + -37. Calculate the remainder when t is divided by 12.
10
Suppose u - 173 = -5*l, l - 6*l = -15. Let c = u - 51. Calculate the remainder when c is divided by 22.
19
Suppose 20 = 5*z + 4*j, -4*j + 1 = 4*z - 11. Let s(c) = c**3 - 8*c**2 - 6*c + 2. What is the remainder when s(9) is divided by z?
5
Let r = -20 + 20. Suppose v + 0*v + 2 = r. What is the remainder when (-12)/9*21/v is divided by 8?
6
Suppose 2*c = -3*q - 130, 3*c + 325 = -2*c - q. Let p = 76 + c. Calculate the remainder when 109 is divided by p.
10
Suppose 0 = 3*i - 4*u - 24, 28*i - 32*i - u = -51. Calculate the remainder when 41 is divided by i.
5
Let i(l) = -l**2 - 14*l - 7. Let v be i(-10). Let s = v + -26. What is the remainder when 6/(-2) + -2 + s is divided by 2?
0
Suppose -127*s = -128*s + 7. Let y be (-1 - 0/(-1)) + 5. Suppose -l + 0 + y = 0. Calculate the remainder when s is divided by l.
3
Let s be ((-2)/(2/(-27)))/((-1)/1). Suppose 3*g + 12 + 3 = 0. Calculate the remainder when 9 is divided by s/g + 12/20.
3
Let j be (-6)/12 - (-2)/4. Suppose j = 4*i - 9 - 3. Let q(p) = 2*p - 9. Calculate the remainder when i is divided by q(6).
0
Suppose 0 = 3*x + 2*x - 10. What is the remainder when (121/44)/(1/4) is divided by x?
1
Suppose t - 13 = -2*t + 4*m, -t + m = -6. Calculate the remainder when 163 is divided by t.
9
Suppose 4*a = -4*l + 182 - 6, 138 = 3*l + a. What is the remainder when 243 is divided by l?
8
Suppose -8*p + 2*p = -24. Suppose 3*h = 2*z - 27, -5*z = -p*h - 55 - 16. Calculate the remainder when 28 is divided by z.
13
Calculate the remainder when 350/6*(-17 - -10 - -10) is divided by 44.
43
Let u(k) = k**2 - 9*k + 13. Let p be u(6). Let b(s) = s**2 + 5*s + 7. What is the remainder when 40 is divided by b(p)?
5
Suppose 14*c = 24*c - 670. Calculate the remainder when 264 is divided by c.
63
Suppose -17 - 43 = -4*v. What is the remainder when 28 is divided by v?
13
What is the remainder when 1 + (3/2)/((-21)/(-3808)) is divided by 94?
85
Suppose -355 - 910 = -5*a. Suppose 0*x - 5*b = -4*x + 345, 2*b - a = -3*x. What is the remainder when x is divided by 29?
27
Let z = 0 + 4. Suppose -3*t - 2*j = -6*j + 6, 2 = z*t - 2*j. Suppose -2*x - 6 = -4*b, -3*x - 17*b = -21*b + 5. What is the remainder when t is divided by x?
0
Let l(b) = b**3 - 6*b**2 + 32*b - 176. What is the remainder when l(7) is divided by 55?
42
Let c = 16 - -5. Suppose -s - 4*i = -20, -6 + 8 = s - 5*i. Calculate the remainder when c is divided by s.
9
Suppose -3*s - 64 - 160 = -5*o, 0 = 2*o + s - 83. Calculate the remainder when o is divided by 14.
1
Suppose 2*w + 2*w + 4*f = -752, -5*w = f + 928. Let y = w + 280. Suppose -7*z = -12*z + y. Calculate the remainder when 34 is divided by z.
15
Suppose 2*c - p + 198 + 491 = 0, 0 = -p + 5. What is the remainder when ((-6)/(-4))/((-27)/c) is divided by 9?
1
Suppose -3 = 5*a - 78. Suppose 5*r - 160 = -a. Let w = -9 + 24. What is the remainder when r is divided by w?
14
Let b = 6975 - 6970. Suppose 4*d + 1 = -11. Let t(j) = -2*j + 1. Calculate the remainder when t(d) is divided by b.
2
Calculate the remainder when 68 is divided by (-456)/(-46) - 86/(-989).
8
Let p(k) = -5*k + 153. Calculate the remainder when 198 is divided by p(17).
62
Suppose 5*r = 3*r + 46. What is the remainder when ((-137)/(-4))/(4/16) is divided by r?
22
Calculate the remainder when 758 is divided by 15/(-20) - 518/(-8).
54
Let b(h) = h - 19. Let r be b(17). Let x(z) = -25*z - 9. Calculate the remainder when x(r) is divided by 9.
5
Let v = -156 - -292. Let a = 204 - v. Calculate the remainder when a is divided by 14.
12
Let b(z) = 2*z**2 - 5*z - 13. Calculate the remainder when b(7) is divided by ((-17)/2)/((-2)/4).
16
Let z = -417 + 444. Calculate the remainder when z is divided by 5.
2
Let v(h) = -2 + 15*h**3 - 4*h - 23*h**3 - 2. What is the remainder when v(-2) is divided by 10?
8
Let v(z) = z**3 - 4*z**2 - 5*z + 3. Let x be v(5). Suppose x*l + 2*l - 275 = 0. Calculate the remainder when l is divided by 19.
17
Suppose 0 = 3*g + 27 - 129. Suppose 50 = 14*k - 118. Calculate the remainder when g is divided by k.
10
Let t(h) = h**2 - 4*h - 5. Let j be -3 + ((-14)/2 - -3). Suppose 0 = 2*i - 4 - 26. Calculate the remainder when t(j) is divided by i.
12
Let u(r) = r**3 + 25*r**2 - 2*r - 15. Let y be u(-25). Suppose -5*g = 25, -3*l - 4*g + y = -35. Calculate the remainder when 56 is divided by l.
26
Suppose a = -a. Suppose a = 2*d + 3*o - 14, 2*o - o - 2 = 0. Suppose 3*j + 8 = d*j. Calculate the remainder when 27 is divided by j.
3
Suppose 0 = 2*q + 2*k - 322, -q - 24 = -3*k - 165. Calculate the remainder when q is divided by 77.
2
Let z(o) = -o**2 - 7*o -